{"id":5275,"date":"2014-05-24T13:51:08","date_gmt":"2014-05-24T13:51:08","guid":{"rendered":"http:\/\/wpresidence.net\/?page_id=9"},"modified":"2019-01-23T19:37:27","modified_gmt":"2019-01-23T18:37:27","slug":"cookie-law","status":"publish","type":"page","link":"https:\/\/www.bancadellimmobile.com\/immobiliare\/cookie-law\/","title":{"rendered":"Cookie Law"},"content":{"rendered":"<p><strong>Informativa estesa sull&#8217;uso dei cookies<\/strong><br \/>\nIl Titolare del trattamento dei dati personali, in ossequio alla vigente disciplina in materia di protezione dei dati personali ed, in particolare, al Provvedimento del Garante &#8216;Individuazione delle modalit\u00e0 semplificate per l&#8217;informativa e l&#8217;acquisizione del consenso per l&#8217;uso dei cookie&#8217; emanato l&#8217;8 maggio 2014 (pubblicato in G.U. n. 126 del 3 giugno 2014), informa sull&#8217;uso di cookie utilizzati da questo Sito internet.<\/p>\n<p><strong>Che cos&#8217;\u00e8 un COOKIE e a cosa serve ?<\/strong><br \/>\nUn cookie \u00e9 un file di dimensioni ridotte che un sito invia al browser e salva sul tuo computer quando visiti un sito internet come questo. I cookie vengono utilizzati per far funzionare il sito o per migliorarne le prestazione, ma anche per fornire informazioni ai proprietari del sito. Che tipo di cookie utilizza questo sito e a quale scopo?<br \/>\nQuesto sito utilizza i Cookie per rendere i propri servizi semplici e efficienti per l&#8217;utenza che visiona le pagine del sito. Gli utenti che visionano il sito, vedranno inserite delle quantit\u00e0 minime di informazioni nei dispositivi in uso, che siano computer e periferiche mobili, in piccoli file di testo denominati &#8216;cookie&#8217; salvati nelle directory utilizzate dal browser web dell&#8217;Utente.<br \/>\nVi sono vari tipi di cookie, alcuni per rendere pi\u00f9 efficace l&#8217;uso del sito, altri per abilitare determinate funzionalit\u00e0. I cookie permettono di:<br \/>\n&#8211; memorizzare le preferenze inserite<br \/>\n&#8211; evitare di reinserire le stesse informazioni pi\u00f9 volte durante la visita quali ad esempio nome utente e password<br \/>\n&#8211; analizzare l&#8217;utilizzo dei servizi e dei contenuti forniti da questo sito per ottimizzarne l&#8217;esperienza di navigazione e i servizi offerti<\/p>\n<p><strong>TIPOLOGIA DI COOKIE<\/strong><\/p>\n<p><strong>Cookie di navigazione<\/strong><br \/>\nQuesti cookie permettono al sito di funzionare correttamente e ti permettono di visualizzare i contenuti nella tua lingua e per il tuo mercato fin dal primo accesso. Sono in grado di riconoscere da quale Paese ti stai connettendo e fanno in modo che, ogni volta che visiterai il sito, sarai automaticamente indirizzato alla versione del sito per il tuo Paese. Ti permettono anche di creare un account, effettuare il login e gestire i tuoi ordini. Se sei un utente registrato, grazie ai cookie il sito potr\u00e0 riconoscerti come tale quando accederai ai servizi offerti agli utenti registrati. Questi cookie ti riconosceranno se farai acquisti sul sito tramite un sito affiliato o partner, in modo da permetterci di adempiere agli obblighi nei confronti dei siti partner. Questi cookie sono necessari al funzionamento del sito.<\/p>\n<p><strong>Cookie funzionali<\/strong><br \/>\nQuesti cookie permettono al sito di riconoscerti in base alla tua richiesta (espressa, ad esempio, cliccando su &#8220;Riconoscimi la prossima volta&#8221;) ogni volta che accedi al sito, in modo da non dover inserire i tuoi dati di accesso ogni volta che visiti il sito. Se hai aggiunto articoli alla tua shopping bag e chiuso la sessione senza completare l&#8217;acquisto senza eliminarli, questi cookie ti permettono di continuare a fare shopping la prossima volta che accedi al sito (entro un periodo di tempo limitato) ritrovando la shopping bag proprio come l&#8217;avevi lasciata.<br \/>\nQuesti cookie non sono indispensabili per il funzionamento del sito, ma migliorano la qualit\u00e0 e l&#8217;esperienza di navigazione.<\/p>\n<p><strong>Cookie analitici<\/strong><br \/>\nQuesti cookie sono utilizzati ad esempio da Google Analytics per elaborare analisi statistiche sulle modalit\u00e0 di navigazione degli utenti sul sito attraverso i computer o le applicazioni mobile, sul numero di pagine visitate o il numero di click effettuati su una pagina durante la navigazione di un sito.<br \/>\nQuesto sito tratta i risultati di queste analisi in maniera anonima ed esclusivamente per finalit\u00e0 statistiche solo se il fornitore di servizi utilizza i cookie in connessione al browser installato sul tuo computer o su altri dispositivi utilizzati per navigare sul nostro sito.<\/p>\n<p><strong>Cookie di profilazione<\/strong><br \/>\nSono quei cookie necessari a creare profili utenti al fine di inviare messaggi pubblicitari in linea con le preferenze manifestate dall&#8217;utente all&#8217;interno delle pagine del sito. Il sito non utilizza questo tipo di cookie.<\/p>\n<p><strong>Cookie ti terze parti per marketing e\/o retargeting<\/strong><br \/>\nQuesti cookie sono utilizzati da societ\u00e0 terze di fiducia che ti permettono di visualizzare banner pubblicitari sua altri siti affiliati, mostrandoti gli ultimi prodotti che hai guardato su questo sito. Mentre navighi all&#8217;interno del nostro sito, questi cookie sono utilizzati anche per mostrarti prodotti che potrebbero interessarti o simili a quelli che hai guardato in precedenza, basandosi sulla tua cronologia di navigazione. L&#8217;uso di questi cookie normalmente non implica il trattamento di dati personali, ma pu\u00f3 permettere la connessione al tuo computer o ad altri dispositivi e rintracciare i dati salvati: questi cookie si connettono al browser installato sul tuo computer o su altri dispositivi utilizzati durante la navigazione sul nostro sito.<br \/>\nLa gestione delle informazioni raccolte da &#8216;terze parti&#8217; \u00e9 disciplinata dalle relative informative cui si prega di fare riferimento. Pertanto, di seguito ti proponiamo i link alle Terze parti affinch\u00e9 tu possa prendere atto della loro informativa privacy ed effettuare le tue scelte nell&#8217;utilizzo dei cookies:<br \/>\nGoogle Ireland<br \/>\nFacebook<br \/>\nTwitter<br \/>\nInstagram<br \/>\nPinterest<\/p>\n<p><strong>Come posso disabilitare i cookies ?<\/strong><br \/>\nLa maggior parte dei browser (Internet Explorer, Firefox, etc.) sono configurati per accettare i cookie.<br \/>\nPuoi comunque decidere di non consentire l&#8217;impostazione dei cookies sul tuo computer; per farlo accedi alle &#8220;Preferenze&#8221; del tuo browser. Per informazioni su come modificare le impostazioni dei cookies seleziona qui sotto il browser che stai utilizzando: Chrome &#8211; Firefox &#8211; Internet Explorer &#8211; Opera &#8211; Safari Se disattivi i cookies, potresti disabilitare alcune funzionalit\u00e0 del sito. Anche con tutti i cookies disabilitati, il tuo browser continuer\u00e0 a memorizzare una piccola quantit\u00e0 di informazioni, necessarie per le funzionalit\u00e0 di base del sito.<br \/>\nAi seguenti link \u00e9 possibile reperire le informazioni utili per i browser pi\u00f9 diffusi:<br \/>\nInternet Explorer<br \/>\nFirefox<br \/>\nGoogle Chrome<br \/>\nSafari.<br \/>\nPertanto, fermo restando la libera scelta, riconosciuta all&#8217;utente, in merito ai dati gestiti per il tramite dei cookie, si ricorda che, ai sensi dell&#8217;art. 122, comma 2 del Codice privacy, il consenso all&#8217;utilizzo di tali cookie \u00e9 espresso dall&#8217;interessato anche mediante il settaggio individuale del browser utilizzato per la navigazione nel Sito.<\/p>\n<p><strong>Google analytics<\/strong><br \/>\nIl sito pu\u00f3 includere anche talune componenti trasmesse da Google Analytics, un servizio di analisi del traffico web fornito da Google, Inc. (&#8216;Google&#8217;). Anche in questo caso si tratta di cookie di terze parti raccolti e gestiti in modo anonimo per monitorare e migliorare le prestazioni del sito ospite (performance cookie).<br \/>\nGoogle Analytics utilizza i &#8220;cookie&#8221; per raccogliere e analizzare in forma anonima le informazioni sui comportamenti di utilizzo dei siti (compreso l&#8217;indirizzo IP dell&#8217;utente). Tali informazioni vengono raccolte da Google Analytics, che le elabora allo scopo di redigere report riguardanti le attivit\u00e0 sul sito web stesso. Google pu\u00f3 anche comunicare queste informazioni a terzi ove ci\u00f3 sia imposto dalla legge o laddove tali terzi trattino le suddette informazioni per conto di Google.<\/p>\n<p>Per ulteriori informazioni, si rinvia al link di seguito indicato: https:\/\/www.google.it\/policies\/privacy\/partners\/<\/p>\n<p><strong>Durata dei cookies<\/strong><br \/>\nAlcuni cookie (cookie di sessione) restano attivi solo fino alla chiusura del browser o all&#8217;esecuzione del comando di logout. Altri cookie &#8216;sopravvivono&#8217; alla chiusura del browser e sono disponibili anche in successive visite dell&#8217;utente. Questi cookie sono detti persistenti e la loro durata \u00e9 fissata dal server al momento della loro creazione. In alcuni casi \u00e9 fissata una scadenza, in altri casi la durata \u00e9 illimitata. Tuttavia, navigando sulle pagine del sito, si pu\u00f3 interagire con siti gestiti da terze parti che possono creare o modificare cookie permanenti e di profilazione.<\/p>\n","protected":false},"excerpt":{"rendered":"<p>Informativa estesa sull&#8217;uso dei cookies Il Titolare del trattamento dei dati personali, in ossequio alla vigente disciplina in materia di protezione dei dati personali ed, in particolare, al Provvedimento del Garante &#8216;Individuazione delle modalit\u00e0 semplificate per l&#8217;informativa e l&#8217;acquisizione del consenso per l&#8217;uso dei cookie&#8217; emanato l&#8217;8 maggio 2014 (pubblicato in G.U. n. 126 del 3 giugno 2014), informa sull&#8217;uso di cookie utilizzati da &#8230;<\/p>\n","protected":false},"author":1,"featured_media":0,"parent":0,"menu_order":0,"comment_status":"closed","ping_status":"closed","template":"terms_conditions.php","meta":[],"_links":{"self":[{"href":"https:\/\/www.bancadellimmobile.com\/immobiliare\/wp-json\/wp\/v2\/pages\/5275"}],"collection":[{"href":"https:\/\/www.bancadellimmobile.com\/immobiliare\/wp-json\/wp\/v2\/pages"}],"about":[{"href":"https:\/\/www.bancadellimmobile.com\/immobiliare\/wp-json\/wp\/v2\/types\/page"}],"author":[{"embeddable":true,"href":"https:\/\/www.bancadellimmobile.com\/immobiliare\/wp-json\/wp\/v2\/users\/1"}],"replies":[{"embeddable":true,"href":"https:\/\/www.bancadellimmobile.com\/immobiliare\/wp-json\/wp\/v2\/comments?post=5275"}],"version-history":[{"count":3,"href":"https:\/\/www.bancadellimmobile.com\/immobiliare\/wp-json\/wp\/v2\/pages\/5275\/revisions"}],"predecessor-version":[{"id":18817,"href":"https:\/\/www.bancadellimmobile.com\/immobiliare\/wp-json\/wp\/v2\/pages\/5275\/revisions\/18817"}],"wp:attachment":[{"href":"https:\/\/www.bancadellimmobile.com\/immobiliare\/wp-json\/wp\/v2\/media?parent=5275"}],"curies":[{"name":"wp","href":"https:\/\/api.w.org\/{rel}","templated":true}]}}